{"id":8,"date":"2019-07-29T19:14:12","date_gmt":"2019-07-29T17:14:12","guid":{"rendered":"http:\/\/erpc.be\/index.php\/home\/"},"modified":"2019-08-05T13:52:31","modified_gmt":"2019-08-05T11:52:31","slug":"home","status":"publish","type":"page","link":"https:\/\/www.erpc.be\/index.php\/home\/","title":{"rendered":"Nos services"},"content":{"rendered":"\n<figure class=\"wp-block-image\"><img data-recalc-dims=\"1\" loading=\"lazy\" decoding=\"async\" width=\"1024\" height=\"683\" src=\"https:\/\/i0.wp.com\/erpc.be\/wp-content\/uploads\/2019\/07\/image008-1024x683.jpg?resize=1024%2C683\" alt=\"\" class=\"wp-image-23\" srcset=\"https:\/\/i0.wp.com\/www.erpc.be\/wp-content\/uploads\/2019\/07\/image008.jpg?w=1024&amp;ssl=1 1024w, https:\/\/i0.wp.com\/www.erpc.be\/wp-content\/uploads\/2019\/07\/image008.jpg?resize=300%2C200&amp;ssl=1 300w, https:\/\/i0.wp.com\/www.erpc.be\/wp-content\/uploads\/2019\/07\/image008.jpg?resize=768%2C512&amp;ssl=1 768w\" sizes=\"auto, (max-width: 1000px) 100vw, 1000px\" \/><\/figure>\n\n\n\n<p>Lavage ext\u00e9rieur de tout v\u00e9hicule (2 pistes)<\/p>\n\n\n\n<p>Lavage int\u00e9rieur des citernes, frigos, bennes, \u2026 (5 pistes)<\/p>\n\n\n\n<p>Station IDS (8 pompes) + 1 pompe gazoil chauffage pour frigo<\/p>\n\n\n\n<figure class=\"wp-block-image\"><img data-recalc-dims=\"1\" loading=\"lazy\" decoding=\"async\" width=\"1024\" height=\"683\" src=\"https:\/\/i0.wp.com\/erpc.be\/wp-content\/uploads\/2019\/07\/image010-1024x683.jpg?resize=1024%2C683\" alt=\"\" class=\"wp-image-25\" srcset=\"https:\/\/i0.wp.com\/www.erpc.be\/wp-content\/uploads\/2019\/07\/image010.jpg?w=1024&amp;ssl=1 1024w, https:\/\/i0.wp.com\/www.erpc.be\/wp-content\/uploads\/2019\/07\/image010.jpg?resize=300%2C200&amp;ssl=1 300w, https:\/\/i0.wp.com\/www.erpc.be\/wp-content\/uploads\/2019\/07\/image010.jpg?resize=768%2C512&amp;ssl=1 768w\" sizes=\"auto, (max-width: 1000px) 100vw, 1000px\" \/><\/figure>\n\n\n\n<p>Douches gratuites<\/p>\n\n\n\n<p>Salle de d\u00e9tente pour chauffeurs (collations, caf\u00e9, boissons, &nbsp;\u2026)<\/p>\n\n\n\n<p>T\u00e9l\u00e9phone et Fax<\/p>\n\n\n\n<figure class=\"wp-block-image\"><img data-recalc-dims=\"1\" loading=\"lazy\" decoding=\"async\" width=\"1024\" height=\"683\" src=\"https:\/\/i0.wp.com\/erpc.be\/wp-content\/uploads\/2019\/07\/image012-1024x683.jpg?resize=1024%2C683\" alt=\"\" class=\"wp-image-27\" srcset=\"https:\/\/i0.wp.com\/www.erpc.be\/wp-content\/uploads\/2019\/07\/image012.jpg?w=1024&amp;ssl=1 1024w, https:\/\/i0.wp.com\/www.erpc.be\/wp-content\/uploads\/2019\/07\/image012.jpg?resize=300%2C200&amp;ssl=1 300w, https:\/\/i0.wp.com\/www.erpc.be\/wp-content\/uploads\/2019\/07\/image012.jpg?resize=768%2C512&amp;ssl=1 768w\" sizes=\"auto, (max-width: 1000px) 100vw, 1000px\" \/><\/figure>\n\n\n\n<p>Nettoyage containers et IBC<\/p>\n\n\n\n<p>Traitement des eaux us\u00e9es dans notre propre station d\u2019\u00e9puration<\/p>\n\n\n\n<p>Possibilit\u00e9 d\u2019emplacement de parking pour camion<\/p>\n","protected":false},"excerpt":{"rendered":"<p>Lavage ext\u00e9rieur de tout v\u00e9hicule (2 pistes) Lavage int\u00e9rieur des citernes, frigos, bennes, \u2026 (5 pistes) Station IDS (8 pompes) + 1 pompe gazoil chauffage pour frigo Douches gratuites Salle de d\u00e9tente pour chauffeurs (collations, caf\u00e9, boissons, &nbsp;\u2026) T\u00e9l\u00e9phone et Fax Nettoyage containers et IBC Traitement des eaux us\u00e9es dans notre propre station d\u2019\u00e9puration Possibilit\u00e9 [&hellip;]<\/p>\n","protected":false},"author":1,"featured_media":0,"parent":0,"menu_order":0,"comment_status":"closed","ping_status":"closed","template":"template-homepage.php","meta":{"footnotes":""},"class_list":["post-8","page","type-page","status-publish","hentry"],"jetpack_sharing_enabled":true,"_links":{"self":[{"href":"https:\/\/www.erpc.be\/index.php\/wp-json\/wp\/v2\/pages\/8","targetHints":{"allow":["GET"]}}],"collection":[{"href":"https:\/\/www.erpc.be\/index.php\/wp-json\/wp\/v2\/pages"}],"about":[{"href":"https:\/\/www.erpc.be\/index.php\/wp-json\/wp\/v2\/types\/page"}],"author":[{"embeddable":true,"href":"https:\/\/www.erpc.be\/index.php\/wp-json\/wp\/v2\/users\/1"}],"replies":[{"embeddable":true,"href":"https:\/\/www.erpc.be\/index.php\/wp-json\/wp\/v2\/comments?post=8"}],"version-history":[{"count":6,"href":"https:\/\/www.erpc.be\/index.php\/wp-json\/wp\/v2\/pages\/8\/revisions"}],"predecessor-version":[{"id":116,"href":"https:\/\/www.erpc.be\/index.php\/wp-json\/wp\/v2\/pages\/8\/revisions\/116"}],"wp:attachment":[{"href":"https:\/\/www.erpc.be\/index.php\/wp-json\/wp\/v2\/media?parent=8"}],"curies":[{"name":"wp","href":"https:\/\/api.w.org\/{rel}","templated":true}]}}